*2 + b + b**g + 11. Determine a(-4).
-4
Let u(y) be the first derivative of -2*y**3/3 + 27*y**2/2 + 11*y - 99. Determine u(14).
-3
Let z(h) be the third derivative of h**6/120 - 7*h**5/60 + h**4/8 + h**3/3 + h**2. Let d = -2449 + 2456. Determine z(d).
23
Let k be (-2)/(0 - 2) + -1. Suppose k*a - 44 = 4*m + 5*a, 0 = 3*m + a + 22. Let o(i) = i**2 + 3*i - i + 7 + 5*i. What is o(m)?
1
Let i = 26 + -23. Suppose 7*c = 8*c - i. Let n(h) = h**3 + 2 - c*h + 2*h**2 - 2*h**3 + 2*h**2. Give n(3).
2
Let i(a) be the third derivative of -a**6/720 + a**5/24 - 7*a**4/12 - a**2. Let y(s) be the second derivative of i(s). Calculate y(7).
-2
Let r be 11 - ((-40)/(-4) - 1). Let p(d) be the first derivative of 3*d**2/2 - 3*d - 2. What is p(r)?
3
Let l(b) = 80 - 73 - b - 3*b + 5*b. Determine l(-8).
-1
Let g be 3 + -3 + 3 + 5. Let i(w) = -3*w + 6*w - 1 - g*w + 4*w. Let j(o) = -o**3 - o**2 + 3. Let l be j(0). Calculate i(l).
-4
Let s(x) = -x**2 + 0*x**2 - 16*x + 32 - 41. Give s(-15).
6
Let l(r) = -r**2 + 6*r - 2. Suppose -5*u = -5*v - 10, -2 = -4*v - 4*u + 3*u. Suppose 5*a = y + 6, -3*a + 18 = -v*y + 3*y. Give l(y).
6
Let v(d) = -8*d**3 + 4*d**2 - d + 2. Let n(y) = 21*y**3 - 12*y**2 + 4*y - 7. Let g(c) = -3*n(c) - 8*v(c). Determine g(-6).
-43
Let b be (-12)/30 + 42/5. Let y(w) = -w**2 - 3 - 14*w + b*w + 13*w. Calculate y(6).
3
Suppose -3*a - 5*w = 58, 0*w + 65 = -5*a - 2*w. Let y(c) = c**2 + 10*c - 9. Calculate y(a).
2
Let o(l) be the third derivative of -l**5/60 - l**3 + 2*l**2. Let a(s) = s**3 + 6*s**2 + 2*s + 14. Let b be a(-6). Suppose u = -b*u. Calculate o(u).
-6
Suppose -2*t = 3*t. Suppose t*j = 5*j - 4*a - 90, 4*j - 71 = 3*a. Let w be (-18)/j + (-4)/(-14). Let z(d) = -12*d**2 - 2*d - 1. Calculate z(w).
-11
Let s(n) = -14 - 2*n**2 - 17*n + n**3 + 32*n - 6*n**2 + 0*n**3. What is s(6)?
4
Let f = -91 + 80. Let z(s) = s**2 + 9*s - 25. Let u be z(f). Let j(t) = -t - t**2 - t + 1 + t. Calculate j(u).
-5
Let g be 10/4 + -1 + (-60)/24. Let y(u) = 17*u**3 + 2*u**2 - 1. Calculate y(g).
-16
Let w be (-6)/(3*1/(-2)). Let n(i) = -5*i + 2. Let f(l) = 6*l - 2. Let g be (1 - 4)*(-15)/9. Let m(x) = g*n(x) + w*f(x). Determine m(2).
0
Suppose -56 - 174 = 23*q. Let x(b) = -b**2 - 8*b + 9. Calculate x(q).
-11
Suppose 3*h = -2*h + h. Let p(t) = t + 29. Calculate p(h).
29
Let u = -63 - -67. Let z(g) = -g**3 + 2*g**2 + 5*g - 5. Calculate z(u).
-17
Let r = 7 - 11. Let k(o) = -o + 11. Let z be k(6). Let g(u) = 6*u**2 + 10*u - 8. Let m(p) = -7*p**2 - 11*p + 9. Let t(b) = z*m(b) + 6*g(b). What is t(r)?
-7
Let m(l) be the third derivative of l**7/2520 - 7*l**6/720 - l**5/60 + l**4/12 - 36*l**2. Let a(o) be the second derivative of m(o). Determine a(6).
-8
Let r(z) be the first derivative of 2*z**3 - 18 + 0*z - 1/2*z**2. Suppose -6 = 4*n + 2*x - 0*x, 2*n = 2*x. Give r(n).
7
Let l(d) be the third derivative of -1/12*d**4 + 0 - 22*d**2 + 0*d + d**3. Determine l(4).
-2
Suppose 5*w - 6 = 4. Let d(b) = -4*b**2 - 4*b + w - 3 + 5*b**2 + 0*b**2. Suppose -q - 5 = 3*i, -6*q - 5*i - 11 = -5*q. Give d(q).
-1
Let j(t) = -t - 1. Let r = -6 + 6. Suppose -5*o - 12 = k, 3*k - 2*o + r*o - 32 = 0. Let d = k + -7. What is j(d)?
-2
Let v(g) = -24*g + 10. Let i(n) = 28*n - 9. Let j(h) = -5*i(h) - 6*v(h). What is j(8)?
17
Let s(g) be the third derivative of -7/60*g**5 + 0*g - 1/6*g**3 - 3*g**2 + 1/12*g**4 + 0. Calculate s(1).
-6
Let s be -8 - (3 + 2 - 10). Let h(o) = -4*o - 6. Let u be h(s). Let g(j) = -j**3 - 7 + 2*j + 6*j**2 - 2*j. Give g(u).
-7
Let q = -440/7 - -8807/140. Let l(t) be the second derivative of 0*t**2 + 1/6*t**3 + t - 1/6*t**4 - q*t**5 + 0. Calculate l(-2).
-2
Let d = 2 - 0. Let w(o) = 3*o - o**3 + 0*o**2 - 4*o**d - o + 0*o**3. Let t(u) = -u**2 + 11*u - 22. Let j be t(9). What is w(j)?
-8
Suppose 1 = -g - 3*c - 8, g - 9 = 3*c. Let z(n) be the third derivative of 5/24*n**4 + 5/6*n**3 - 7*n**2 + g + 1/60*n**5 + 0*n. Give z(-4).
1
Let v = -18 - -22. Let x be (-16)/v + (5 - -3). Let z(m) = -x*m - 2*m**2 + 0*m + 0*m**2. Calculate z(-3).
-6
Let k(a) be the first derivative of -5*a**4/4 + a**3/3 - a + 692. Determine k(1).
-5
Let q(s) = s**2 + 9. Let r(h) = -3*h**2 - 27. Let c(z) = -11*q(z) - 4*r(z). Let x = -1349 + 1349. Give c(x).
9
Let s be ((22/(-6))/11)/((-4)/12). Let f(v) = -26*v - 11. Let o(w) = 2 + w + 4*w + 0*w. Let u(m) = 2*f(m) + 11*o(m). Give u(s).
3
Suppose 5*c - 25 = 50. Suppose -d - 4*d = -c. Let x(p) = -5*p - 1 + 3 + d - p**2. Give x(-5).
5
Let l(g) = -151 + g + 145 - 3*g. Let i = 20 - 26. Determine l(i).
6
Let o(f) = 31923*f**2 + 7*f + 0*f**3 - 6 - f**3 - 15960*f**2 - 15957*f**2. Determine o(7).
-6
Suppose -4*k + k = 4*m + 17, 4*k - 5*m = -33. Let y(q) = -58*q + 22*q + 15*q + 2 + 22*q. Determine y(k).
-5
Let n(p) = p + 0*p + 0 - 1. Suppose 2*b = 10*b + 4*h + 48, -2*b - 12 = -2*h. Give n(b).
-7
Let g(p) be the first derivative of p**6/120 - p**5/10 - p**4/12 - p**3/6 - 7*p**2 + 5. Let r(x) be the second derivative of g(x). Determine r(6).
-13
Let i be (3 - 1 - 3)*1. Let s be (i - 1) + (-6)/(-1 + -1). Let q(y) = -y - 1. Give q(s).
-2
Let v(z) = -z**3 - 2*z**2 + z - 4. Let f be v(-3). Suppose 1 = 3*d - f. Let m(g) = -3 + g**2 - 2 + 4 - g. Give m(d).
-1
Let u = 739 + -735. Let q(b) = b**3 - 3*b**2 - 6*b + 5. Determine q(u).
-3
Let p(l) = -l**3 + 15*l**2 - 15*l + 12. Suppose -2*c + c + 14 = 0. Let t be p(c). Let i be t*(1 + -4)/6. Let j(x) = 6*x**3 + x**2 - x. Determine j(i).
6
Let l(c) = 3*c - 4*c - c - 2. Let i(j) = j**2 + 9*j - 26. Let u(h) = -h**3 + 12*h**2 - 13*h + 11. Let q be u(11). Let r be i(q). Give l(r).
6
Let d(n) be the second derivative of -n**5/20 + n**4/2 + 5*n**3/6 + 3*n**2 - 2*n. Let w(i) = -6*i**3 + 2*i**2 - 3*i - 4. Let c be w(-1). Give d(c).
-8
Let m(h) = h + 3. Suppose 2*o = u - 3, o + 9 = 3*u - 3*o. Give m(u).
6
Let t(x) be the third derivative of -x**5/60 + 3*x**4/8 - 7*x**3/6 - 48*x**2 - 2. Determine t(5).
13
Let l = -19 - -27. Let f be 24/16*l/6. Let m(q) = 2 + f + q**2 + 3*q - 5. Calculate m(-3).
-1
Let x(p) = -p - 3. Let q = 27 - 34. Calculate x(q).
4
Let i(p) = p**2 - 3*p + 4. Let a be i(3). Let y(t) = t**3 - a*t**2 + 4*t + 55 - 54 + 0*t. Calculate y(3).
4
Let q(f) = 82*f + 87*f - 172*f - 2*f**2 + 4. Determine q(3).
-23
Let d(w) = -2359 + 4712 - 2357 + w. Let a = 53 + -25. Suppose 0 = 5*p + 8 - a. Calculate d(p).
0
Let r(c) be the second derivative of c**4/12 - 4*c**3/3 + 7*c**2/2 + c + 10. Calculate r(7).
0
Let m(z) = z**2 + 8*z - 14. Let f(g) = -16*g**2 - g + 2. Let i be f(-2). Let q be (3/(54/i))/((-1)/(-3)). What is m(q)?
6
Let u(c) = -c**3 + 17*c**2 - 16*c + 3. Let q = 489 - 473. Determine u(q).
3
Let i(b) be the first derivative of -b**4/4 - b**3/3 - b**2/2 + b + 2. Suppose -7 - 14 = -q. Let t = -20 + q. Calculate i(t).
-2
Let g(z) = -8*z**2 - 2 + 7*z + 7 + z**3 + z**2. Let p = -73 + 75. Suppose 3*n = -3*i + 7*n - p, 1 = i - n. Give g(i).
11
Let h(d) = 2*d - 6. Let b(u) = -3*u + 11. Let s(l) = 3*b(l) + 5*h(l). Suppose -f = -5*y - 3*f - 10, 0 = -4*f - 20. Suppose y = -m - 0*m - 4. Calculate s(m).
-1
Let a(g) = g**3 - 2*g**2 - 3*g - 2. Suppose -5*f = -3*f. Suppose f = 5*d + 5*u - 30, 6*d = 2*d - 3*u + 19. Let y be -5*(-2 + d) + -2. What is a(y)?
-2
Let p(d) = d**3 + 4*d - 3. Let w(z) = -z**2 + 11*z + 2. Let f be 1/4 - 731/(-68). Let t be w(f). Give p(t).
13
Let i(f) = -5*f - 12. Let u(m) = -7*m - 101. Let d be u(-13). Determine i(d).
38
Let k(l) = -l**2 - 3*l - 2. Let q be (-7 - -8)*(3 - 9). Give k(q).
-20
Let c = 33 + -22. Suppose -3*i + 4 + c = 0. Suppose -2*x = -4*n + 18, -3*x - 2*x + i*n - 30 = 0. Let l(j) = j**2 + 3*j. What is l(x)?
0
Let n(a) = 4*a + 2. Let x(p) = 2*p + 1. Let g(y) = -3*n(y) + 5*x(y). Let w be 18*11/66 - (-4 + 3). Give g(w).
-9
Suppose 52*u = 99*u + 188. Let l(g) = 2*g**2 + 8*g - 2. Calculate l(u).
-2
Let t(s) = s**3 - 7*s**2 + 4*s + 6. Let i(n) = n**2 + 13*n - 8. Let a be i(-14). Let l be 2 + 2 + a/3. Let k be (l - 15)/((-6)/4). Determine t(k).
-6
Let l(p) = -3*p**3 - 10*p**2 - 7*p - 7. Let z(g) = -4*g**3 - 11*g**2 - 8*g - 8. Let o(x) = -5*l(x) + 4*z(x). Calculate o(7).
-25
Let x(g) = g**3 + 4*g**2 - 59*g + 14. Let k be x(-10). Let j(m) = 4*m**2 - 5*m + 6. Determine j(k).
50
Suppose -2*t = 0, -9*m + t = -8*m - 13. Let s(o) = o + 2. Let b be s(-2). Let n(d) = b - 7 + d + m. What is n(-7)?
-1
Let s(n) be the first derivative of n**3/3